{"id":18,"date":"2021-08-25T08:27:51","date_gmt":"2021-08-25T08:27:51","guid":{"rendered":"https:\/\/nextgenciso-academy.es\/?page_id=18"},"modified":"2026-01-13T10:46:22","modified_gmt":"2026-01-13T10:46:22","slug":"ciso-academy","status":"publish","type":"page","link":"https:\/\/nextgenciso-academy.es\/?page_id=18","title":{"rendered":"CISO Academy"},"content":{"rendered":"\t\t<div data-elementor-type=\"wp-page\" data-elementor-id=\"18\" class=\"elementor elementor-18\" data-elementor-settings=\"[]\">\n\t\t\t\t\t\t\t<div class=\"elementor-section-wrap\">\n\t\t\t\t\t\t\t<section class=\"elementor-section elementor-top-section elementor-element elementor-element-841d33d elementor-section-content-middle elementor-section-full_width elementor-section-stretched elementor-section-height-default elementor-section-height-default\" data-id=\"841d33d\" data-element_type=\"section\" data-settings=\"{&quot;background_background&quot;:&quot;classic&quot;,&quot;stretch_section&quot;:&quot;section-stretched&quot;}\">\n\t\t\t\t\t\t<div class=\"elementor-container elementor-column-gap-no\">\n\t\t\t\t\t<div class=\"elementor-column elementor-col-100 elementor-top-column elementor-element elementor-element-1e765f9b\" data-id=\"1e765f9b\" data-element_type=\"column\">\n\t\t\t<div class=\"elementor-widget-wrap elementor-element-populated\">\n\t\t\t\t\t\t\t\t<div class=\"elementor-element elementor-element-ccd6a8f elementor-widget elementor-widget-heading\" data-id=\"ccd6a8f\" data-element_type=\"widget\" data-widget_type=\"heading.default\">\n\t\t\t\t<div class=\"elementor-widget-container\">\n\t\t\t<style>\/*! elementor - v3.5.4 - 23-01-2022 *\/\n.elementor-heading-title{padding:0;margin:0;line-height:1}.elementor-widget-heading .elementor-heading-title[class*=elementor-size-]>a{color:inherit;font-size:inherit;line-height:inherit}.elementor-widget-heading .elementor-heading-title.elementor-size-small{font-size:15px}.elementor-widget-heading .elementor-heading-title.elementor-size-medium{font-size:19px}.elementor-widget-heading .elementor-heading-title.elementor-size-large{font-size:29px}.elementor-widget-heading .elementor-heading-title.elementor-size-xl{font-size:39px}.elementor-widget-heading .elementor-heading-title.elementor-size-xxl{font-size:59px}<\/style><h2 class=\"elementor-heading-title elementor-size-medium\">CISO Academy<\/h2>\t\t<\/div>\n\t\t\t\t<\/div>\n\t\t\t\t\t<\/div>\n\t\t<\/div>\n\t\t\t\t\t\t\t<\/div>\n\t\t<\/section>\n\t\t\t\t<section class=\"elementor-section elementor-top-section elementor-element elementor-element-4924185 elementor-section-boxed elementor-section-height-default elementor-section-height-default\" data-id=\"4924185\" data-element_type=\"section\">\n\t\t\t\t\t\t<div class=\"elementor-container elementor-column-gap-default\">\n\t\t\t\t\t<div class=\"elementor-column elementor-col-100 elementor-top-column elementor-element elementor-element-e159b2e\" data-id=\"e159b2e\" data-element_type=\"column\">\n\t\t\t<div class=\"elementor-widget-wrap elementor-element-populated\">\n\t\t\t\t\t\t\t\t<div class=\"elementor-element elementor-element-eb30e28 elementor-widget elementor-widget-spacer\" data-id=\"eb30e28\" data-element_type=\"widget\" data-widget_type=\"spacer.default\">\n\t\t\t\t<div class=\"elementor-widget-container\">\n\t\t\t\t\t<div class=\"elementor-spacer\">\n\t\t\t<div class=\"elementor-spacer-inner\"><\/div>\n\t\t<\/div>\n\t\t\t\t<\/div>\n\t\t\t\t<\/div>\n\t\t\t\t\t<\/div>\n\t\t<\/div>\n\t\t\t\t\t\t\t<\/div>\n\t\t<\/section>\n\t\t\t\t<section class=\"elementor-section elementor-top-section elementor-element elementor-element-90ffdfa elementor-section-boxed elementor-section-height-default elementor-section-height-default\" data-id=\"90ffdfa\" data-element_type=\"section\">\n\t\t\t\t\t\t<div class=\"elementor-container elementor-column-gap-default\">\n\t\t\t\t\t<div class=\"elementor-column elementor-col-100 elementor-top-column elementor-element elementor-element-04ce014\" data-id=\"04ce014\" data-element_type=\"column\">\n\t\t\t<div class=\"elementor-widget-wrap elementor-element-populated\">\n\t\t\t\t\t\t\t\t<div class=\"elementor-element elementor-element-c60ec8a elementor-widget elementor-widget-text-editor\" data-id=\"c60ec8a\" data-element_type=\"widget\" data-widget_type=\"text-editor.default\">\n\t\t\t\t<div class=\"elementor-widget-container\">\n\t\t\t<style>\/*! elementor - v3.5.4 - 23-01-2022 *\/\n.elementor-widget-text-editor.elementor-drop-cap-view-stacked .elementor-drop-cap{background-color:#818a91;color:#fff}.elementor-widget-text-editor.elementor-drop-cap-view-framed .elementor-drop-cap{color:#818a91;border:3px solid;background-color:transparent}.elementor-widget-text-editor:not(.elementor-drop-cap-view-default) .elementor-drop-cap{margin-top:8px}.elementor-widget-text-editor:not(.elementor-drop-cap-view-default) .elementor-drop-cap-letter{width:1em;height:1em}.elementor-widget-text-editor .elementor-drop-cap{float:left;text-align:center;line-height:1;font-size:50px}.elementor-widget-text-editor .elementor-drop-cap-letter{display:inline-block}<\/style>\t\t\t\t<p>Con el objetivo de consolidar una <b>comunidad de referencia en torno al rol del CISO<\/b>, ISMS Forum impulsa desde 2021 la <b>CISO Academy<\/b>, una iniciativa estrat\u00e9gica orientada al empoderamiento del Director de Seguridad de la Informaci\u00f3n en un entorno de negocio cada vez m\u00e1s digital, regulado y expuesto al riesgo. La CISO Academy ofrece un <b>escenario formativo pr\u00e1ctico y evolutivo<\/b>, dise\u00f1ado para acompa\u00f1ar al CISO en su desarrollo y actualizaci\u00f3n continua, reforzando su capacidad de liderazgo, su posicionamiento interno y su interlocuci\u00f3n con el C-Level y los \u00f3rganos de decisi\u00f3n de la organizaci\u00f3n.<\/p>\n<p class=\"MsoNormal\">El programa capacita a los responsables de seguridad de la informaci\u00f3n para <b>alinear la ciberseguridad con las prioridades reales del negocio<\/b>, gestionar con criterio el impacto de tecnolog\u00edas emergentes \u2014con especial foco en la IA\u2014 y responder de forma eficaz a un entorno regulatorio, de riesgo y de cumplimiento cada vez m\u00e1s exigente y cambiante.<\/p>\n<p class=\"MsoNormal\">La CISO Academy constituye el <b>marco formativo habilitante para la obtenci\u00f3n de la Certificaci\u00f3n Trust-Formation Officer (CTFO)<\/b>. La certificaci\u00f3n valida competencias profesionales mediante un modelo modular, evaluando conocimientos y experiencia en los distintos dominios:<\/p>\n<p class=\"MsoNormal\"><span style=\"font-family: 'Segoe UI Emoji',sans-serif; mso-bidi-font-family: 'Segoe UI Emoji';\">\ud83d\udd39<\/span> <b>1. Cloud Cybersecurity<\/b><br><span style=\"font-family: 'Segoe UI Emoji',sans-serif; mso-bidi-font-family: 'Segoe UI Emoji';\">\ud83d\udd39<\/span> <b>2. Continuidad de Negocio<\/b><br><span style=\"font-family: 'Segoe UI Emoji',sans-serif; mso-bidi-font-family: 'Segoe UI Emoji';\">\ud83d\udd39<\/span> <b>3. Transformaci\u00f3n Digital<\/b><br><span style=\"font-family: 'Segoe UI Emoji',sans-serif; mso-bidi-font-family: 'Segoe UI Emoji';\">\ud83d\udd39<\/span> <b>4. GRC (Gobierno, Riesgo y Cumplimiento)<\/b><br><span style=\"font-family: 'Segoe UI Emoji',sans-serif; mso-bidi-font-family: 'Segoe UI Emoji';\">\ud83d\udd39<\/span> <b>5. CISO C-Level Soft Skills<\/b><br><span style=\"font-family: 'Segoe UI Emoji',sans-serif; mso-bidi-font-family: 'Segoe UI Emoji';\">\ud83d\udd39<\/span> <b>6. Inteligencia Artificial y Ciberseguridad<\/b><\/p>\n<p><em style=\"color: rgb(128, 0, 0);\">* <span style=\"font-family: var( --e-global-typography-text-font-family ), Sans-serif; font-weight: var( --e-global-typography-text-font-weight );\">El acceso a la CISO Academy se limita a la invitaci\u00f3n nominal que emitir\u00e1 ISMS Forum a los niveles de management de ciberseguridad de entidades no proveedoras de servicios de seguridad de la informaci\u00f3n.<\/span><\/em><\/p>\t\t\t\t\t\t<\/div>\n\t\t\t\t<\/div>\n\t\t\t\t\t<\/div>\n\t\t<\/div>\n\t\t\t\t\t\t\t<\/div>\n\t\t<\/section>\n\t\t\t\t\t\t<\/div>\n\t\t\t\t\t<\/div>\n\t\t","protected":false},"excerpt":{"rendered":"<p>CISO Academy Con el objetivo de consolidar una comunidad de referencia en torno al rol del CISO, ISMS Forum impulsa desde 2021 la CISO Academy, una iniciativa estrat\u00e9gica orientada al empoderamiento del Director de Seguridad de la Informaci\u00f3n en un entorno de negocio cada vez m\u00e1s digital, regulado y expuesto al riesgo. La CISO Academy &#8230; <a title=\"CISO Academy\" class=\"read-more\" href=\"https:\/\/nextgenciso-academy.es\/?page_id=18\" aria-label=\"M\u00e1s en CISO Academy\">Leer m\u00e1s<\/a><\/p>\n","protected":false},"author":1,"featured_media":0,"parent":0,"menu_order":0,"comment_status":"closed","ping_status":"closed","template":"","meta":[],"_links":{"self":[{"href":"https:\/\/nextgenciso-academy.es\/index.php?rest_route=\/wp\/v2\/pages\/18"}],"collection":[{"href":"https:\/\/nextgenciso-academy.es\/index.php?rest_route=\/wp\/v2\/pages"}],"about":[{"href":"https:\/\/nextgenciso-academy.es\/index.php?rest_route=\/wp\/v2\/types\/page"}],"author":[{"embeddable":true,"href":"https:\/\/nextgenciso-academy.es\/index.php?rest_route=\/wp\/v2\/users\/1"}],"replies":[{"embeddable":true,"href":"https:\/\/nextgenciso-academy.es\/index.php?rest_route=%2Fwp%2Fv2%2Fcomments&post=18"}],"version-history":[{"count":17,"href":"https:\/\/nextgenciso-academy.es\/index.php?rest_route=\/wp\/v2\/pages\/18\/revisions"}],"predecessor-version":[{"id":551,"href":"https:\/\/nextgenciso-academy.es\/index.php?rest_route=\/wp\/v2\/pages\/18\/revisions\/551"}],"wp:attachment":[{"href":"https:\/\/nextgenciso-academy.es\/index.php?rest_route=%2Fwp%2Fv2%2Fmedia&parent=18"}],"curies":[{"name":"wp","href":"https:\/\/api.w.org\/{rel}","templated":true}]}}